/(-3). Let j = 159 - v. List the prime factors of j.
7, 11
Suppose -2*k = k - 2*i - 515, -i + 5 = 0. Suppose k = -4*b - 953. List the prime factors of b/(-6) - 4/(-1).
3, 17
List the prime factors of (7 + 944)*(0 - (-2)/6).
317
What are the prime factors of 5 - 54/(-12)*1502/3?
2, 1129
Let p(b) = -b**3 + 8*b**2 + 10*b + 8. Let i be 12/((-2)/6 - (-66)/36). List the prime factors of p(i).
2, 11
Suppose l + 0*l - z = -16, 4 = z. List the prime factors of (l/8)/((-3)/218).
109
Let r = 6 - 6. Suppose r = g - 1. Suppose 35 = 2*n - g. List the prime factors of n.
2, 3
Let b be 2/(-4)*-4*1. Suppose c + 2 = -b*v + 16, 0 = 5*v - 25. Suppose 0 = -c*k + 2*d - 3*d + 100, d + 20 = k. List the prime factors of k.
2, 3
Let c = 93 + -194. Let y = -2 - c. What are the prime factors of y?
3, 11
Let y be -1 + 0 + 3 + 1. Suppose 5*n - 88 = y*p, 3*p - 2*p + 4*n + 52 = 0. List the prime factors of 50/15*p/(-10).
2, 3
Let p(v) be the first derivative of 2*v**3 - 5*v**2 - 7*v + 6. What are the prime factors of p(5)?
3, 31
List the prime factors of -4 - (-34)/10 - (-5616)/10.
3, 11, 17
Suppose 10454 - 3585 = 5*l - 3*j, 0 = 4*l - 4*j - 5492. What are the prime factors of l?
5, 11
Suppose -992 = -20*r - 152. What are the prime factors of r?
2, 3, 7
Let d = 191 - 143. Suppose 0 = a + a + 5*m + 28, -5*a - 112 = 2*m. Let z = d + a. List the prime factors of z.
2, 3
Suppose 4*j + 175 = 9*j. Let t = 39 + j. Suppose 2*u + 3*u = 3*f + 186, 2*u - t = f. What are the prime factors of u?
2, 3
Let h = 71 + -101. Let v = h + 54. What are the prime factors of v?
2, 3
Let q(l) = 2*l**2 + l + 9. Let g be q(-3). Suppose -4*r - g = -8*r. List the prime factors of r.
2, 3
Suppose 0 = 2*u + 2, -5*z - 4*u = -2 - 4. Suppose 7*d = -3*h + z*d - 207, 4*h = 5*d - 311. Let y = -45 - h. List the prime factors of y.
29
Suppose 15*r - 7*r = 4440. What are the prime factors of r?
3, 5, 37
Let u = 2893 + -2282. What are the prime factors of u?
13, 47
Let t = -19 - -17. What are the prime factors of 1*t*(-356)/8?
89
Let n = -28 - -29. Suppose -n - 8 = -3*k. Suppose 123 = 2*f - l, 8*f + 3*l = k*f + 280. List the prime factors of f.
59
Let z(x) = 420*x. Let b be z(1). Suppose b = 6*h + h. List the prime factors of h.
2, 3, 5
Suppose -18*h + 11943 = -13509. What are the prime factors of h?
2, 7, 101
Suppose 2*m + 2 = 2*r, r + m = -m + 7. Suppose -21 = -r*b + 3. List the prime factors of b.
2
Let n(b) be the first derivative of -b**4/4 - 7*b**3/3 + b**2 + 2*b + 4. Let j be n(-7). List the prime factors of (25/(-3))/(4/j).
5
Let l(w) = -w + 4. Let x be l(2). Let q(m) = m**3 - 18*m - 6. Let n be q(-4). Suppose -4*z + 97 = -4*j + 281, x*z = n. List the prime factors of j.
47
Suppose -58335 - 6681 = -63*i. List the prime factors of i.
2, 3, 43
Suppose 5*l - 25 = -5*a, -7*l + 20 = -3*l + 3*a. Suppose 3*u = -l*s + s + 30, 8 = 4*u. Let z = 11 - s. What are the prime factors of z?
5
Suppose 4*u - 44*f - 6432 = -40*f, -3*u - 4*f = -4838. What are the prime factors of u?
2, 5, 7, 23
Let w(i) = -i**2 + 20*i + 6. Let z be w(16). Suppose -c = -3*c + z. List the prime factors of c.
5, 7
Let k = 102 + 135. List the prime factors of k.
3, 79
Suppose 0 = 24*r - 10*r - 16520. List the prime factors of r.
2, 5, 59
Suppose 36*z - 231504 = -48*z. What are the prime factors of z?
2, 13, 53
Let o = 1082 - 1104. Suppose 0 = 3*m - 0*t - 2*t - 124, 0 = 5*m - 2*t - 204. Let v = o + m. List the prime factors of v.
2, 3
Let l be 0 + (-4)/4*0. Suppose 0 = 7*a - l*a - 21. Suppose -4*p + 2*p + 61 = -5*r, 2*p = -a*r + 37. List the prime factors of p.
23
Let x be 1*5/(10/4). Suppose -7 = -x*t + 17. Suppose 3*v - v - t = 0. List the prime factors of v.
2, 3
Let h(c) = 3*c + 15. Let j be h(-6). Let m(r) = -r**2 - 2*r + 5. Let d be m(j). Suppose -d*s - a = -152, 3*s - 185 - 50 = -5*a. List the prime factors of s.
3, 5
Suppose -j = 6*j - 119. Suppose 4*z - 165 - j = -5*m, -5*z - 86 = -2*m. What are the prime factors of m?
2, 19
What are the prime factors of -1*((-4187)/4 + 2/(-8))?
3, 349
Suppose -40 = -3*j + j + 4*i, -j + i = -21. Suppose -j*r - 824 = -30*r. What are the prime factors of r?
103
Suppose l = 6*l + 60. Let v = -9 - l. Suppose -v*g + 2*g = -23. List the prime factors of g.
23
Let f(t) = t**2 + 4*t - 2. Suppose -2*v + 0*v - 5*p - 2 = 0, -2*p - 8 = 2*v. Let s be f(v). Suppose -10 = -4*i + s. What are the prime factors of i?
5
Let x = 640 + -426. What are the prime factors of x?
2, 107
Let q = 2845 - 1191. List the prime factors of q.
2, 827
Let m = -40 - -188. Let v = m - -13. What are the prime factors of v?
7, 23
Suppose -9*c - 4 = -10*c. Suppose -c*h - 3*g + 40 = 0, 18 = 5*h + 5*g - 37. List the prime factors of h.
7
What are the prime factors of ((-58)/6)/1*-57?
19, 29
Suppose -795 = -15*g + 165. Let q = g + 39. List the prime factors of q.
103
Let i be 3/6 - (-3)/2. Let c be (8 - -3)*-1 + i. What are the prime factors of 134/4 + c/(-6)?
5, 7
Let x = 2 - -77. Suppose -2*w + x = 31. What are the prime factors of w?
2, 3
Let u = 7 + -5. Suppose 8 = 2*c - 4*r, -2*c - 4*r - 2 = -3*r. Suppose u*h + c*h - 10 = 0. List the prime factors of h.
5
Suppose 0 = -p - 6 - 1. List the prime factors of 180/3 + 3 + p.
2, 7
List the prime factors of ((-36)/(-20))/((-1)/(-125)).
3, 5
Let w = 47 - -28. Suppose -2*y + w = y. What are the prime factors of y?
5
Let g(b) = -4*b + 3*b + 0*b + 50. List the prime factors of g(0).
2, 5
Let p(j) = -3*j - 25. Let r be p(-10). Suppose -4*x + 620 = 4*u, 4*x - 794 = r*u - 174. What are the prime factors of x?
5, 31
Let f(g) = -g. Let p(z) = 12*z - 26. Let j(c) = 5*f(c) + p(c). List the prime factors of j(11).
3, 17
Suppose 0*j + 5*o = j - 2836, -2*j - 4*o = -5700. List the prime factors of j.
2, 1423
Let r(v) = 3*v - 19. Let s be r(9). Suppose -p + 5*p = s. List the prime factors of p*10 - 0/(-1).
2, 5
Suppose -6*a = -9*a - 4*t + 31, -4*a - 4*t = -40. List the prime factors of a.
3
Let i be (14 + 0)*(-5)/(40/(-52)). Let s = -7 + i. List the prime factors of s.
2, 3, 7
Suppose -25*n + 3477 = -6*n. What are the prime factors of n?
3, 61
Suppose 5*o = 4*o + 8. Let h(w) = -2*w - 1. Let p be h(-4). List the prime factors of p/(7/o)*2.
2
Suppose -2*c - 1779 = -5*z, 5*c = -5*z + 3*z + 729. List the prime factors of z.
3, 7, 17
Let g(v) be the first derivative of 11*v**3/6 + v**2/2 + 6*v + 5. Let z(d) be the first derivative of g(d). List the prime factors of z(1).
2, 3
Suppose -5*d = 5*j + 10, -5*d + j - 4*j = 6. Suppose 30 = g - d. List the prime factors of (g/25)/(4/10).
3
Suppose 9 + 15 = 4*f. Suppose -f*m + 335 = -m. Suppose -z - m = -5*h, 0*z - 4*z = -3*h + 30. What are the prime factors of h?
2, 7
Let o = -9 + 106. Let n = o + -54. What are the prime factors of n?
43
Suppose -4*a + 296 = 4*b - 3*b, 370 = 5*a + 4*b. What are the prime factors of a?
2, 37
Let l = -5 + 15. Let n(b) be the third derivative of b**6/120 - 11*b**5/60 + 13*b**4/24 + b**3/2 + 19*b**2. List the prime factors of n(l).
3, 11
Let d(k) = -k**2 - 28*k - 60. List the prime factors of d(-13).
3, 5
Suppose -p + 1480 - 34 = 3*o, 5*o - 5*p = 2390. List the prime factors of o.
13, 37
Let a(s) be the first derivative of -52*s**2 + 6. Let j be a(-3). What are the prime factors of (-2 + 3)/(8/j)?
3, 13
Let d(m) = -27*m**3 - 2*m**2 - 3*m. Let w be d(-2). Suppose -5*b + 46 = -w. List the prime factors of b.
2, 13
Let t be (-126)/(-12)*3*6. Suppose 4*f - w - t = 0, 77 = f - 3*w + 16. What are the prime factors of f?
2, 23
Let a(r) = r**3 + 36*r**2 - 42*r - 23. List the prime factors of a(-35).
2, 167
Let z = -181 + 460. What are the prime factors of z?
3, 31
Let v be 4/(-6) - (-50)/30. Suppose -4*j = -3*i - 3, 5*i = 3*j + v + 5. List the prime factors of (7 + 1)*(i - -3).
2, 3
Let o = 43 + -50. Let w(j) = -9*j - 16. List the prime factors of w(o).
47
Let x(t) = -4*t + 33. Let f be x(12). Let i(a) = -a**2 - 20*a - 6. List the prime factors of i(f).
3, 23
Let z = 1455 + -749. List the prime factors of z.
2, 353
What are the prime factors of 5 + -1 + -1262*(-1)/2?
5, 127
Let o(b) = 240*b + 776. What are the prime factors of o(5)?
2, 13, 19
Let b = 6998 - 3884. List the prime factors of b.
2, 3, 173
List the prime factors of (-1 + 3)/(25/550).
2, 11
Let b be 6/(-14) + (-555)/(-21). Suppose 5*n - q = -95, -n + 4*q - b = -7. Let z = 34 + n. List the prime